2, 499, 8443
What are the prime factors of 3308114?
2, 1654057
List the prime factors of 2545981.
19, 133999
What are the prime factors of 195881?
7, 27983
What are the prime factors of 400177?
23, 127, 137
List the prime factors of 862664.
2, 11, 9803
List the prime factors of 4592633.
1019, 4507
List the prime factors of 7763491.
67, 115873
What are the prime factors of 141869?
7, 13, 1559
List the prime factors of 110216.
2, 23, 599
What are the prime factors of 1235943?
3, 89, 1543
What are the prime factors of 306676?
2, 43, 1783
List the prime factors of 1787822.
2, 17, 52583
List the prime factors of 469786.
2, 234893
What are the prime factors of 155987?
13, 71
What are the prime factors of 6817963?
6817963
What are the prime factors of 151962?
2, 3, 19, 31, 43
List the prime factors of 147953.
13, 19, 599
List the prime factors of 112445.
5, 43, 523
List the prime factors of 7818840.
2, 3, 5, 37, 587
List the prime factors of 35236.
2, 23, 383
List the prime factors of 404500.
2, 5, 809
What are the prime factors of 88455?
3, 5, 5897
List the prime factors of 152378.
2, 61, 1249
What are the prime factors of 3393491?
61, 55631
List the prime factors of 2156730.
2, 3, 5, 29, 37, 67
What are the prime factors of 387317?
7, 55331
What are the prime factors of 806149?
199, 4051
What are the prime factors of 46803?
3, 15601
List the prime factors of 793498.
2, 29, 13681
List the prime factors of 17411286.
2, 3, 241, 12041
What are the prime factors of 4449457?
4449457
What are the prime factors of 136090?
2, 5, 31, 439
What are the prime factors of 20616408?
2, 3, 281, 1019
List the prime factors of 218093.
17, 12829
List the prime factors of 1370532.
2, 3, 181, 631
What are the prime factors of 2645937?
3, 7, 41999
What are the prime factors of 6014033?
79, 269, 283
What are the prime factors of 1316562?
2, 3, 13, 16879
List the prime factors of 148828.
2, 29, 1283
List the prime factors of 2404910.
2, 5, 240491
List the prime factors of 5609851.
13, 227, 1901
List the prime factors of 8349005.
5, 7, 113, 2111
List the prime factors of 13076058.
2, 3, 47, 89, 521
What are the prime factors of 927089?
927089
List the prime factors of 1800022.
2, 7, 19, 67, 101
What are the prime factors of 5330086?
2, 2665043
What are the prime factors of 277102?
2, 7, 19793
List the prime factors of 3303818.
2, 7, 47, 5021
What are the prime factors of 28275441?
3, 23, 31, 13219
What are the prime factors of 2079579?
3, 139, 4987
List the prime factors of 7613974.
2, 233, 16339
List the prime factors of 25807942.
2, 41, 491, 641
What are the prime factors of 13104088?
2, 1638011
What are the prime factors of 2044066?
2, 1022033
List the prime factors of 1000883.
13, 76991
List the prime factors of 12349605.
3, 5, 173, 4759
List the prime factors of 54024.
2, 3, 2251
What are the prime factors of 4448624?
2, 31, 8969
What are the prime factors of 1411085?
5, 13, 17, 1277
What are the prime factors of 363135?
3, 5, 43, 563
What are the prime factors of 11113092?
2, 3, 43, 2393
What are the prime factors of 7657661?
11, 193, 3607
What are the prime factors of 528425?
5, 23, 919
List the prime factors of 4037470.
2, 5, 257, 1571
What are the prime factors of 35696413?
17, 123517
List the prime factors of 21912947.
7, 19, 23537
List the prime factors of 2946456.
2, 3, 4547
List the prime factors of 11997500.
2, 5, 4799
What are the prime factors of 3440312?
2, 199, 2161
What are the prime factors of 479328?
2, 3, 4993
List the prime factors of 24547.
24547
What are the prime factors of 25209612?
2, 3, 307, 2281
List the prime factors of 1654863.
3, 7, 78803
List the prime factors of 8131436.
2, 2032859
List the prime factors of 100171.
109, 919
List the prime factors of 573560.
2, 5, 13, 1103
What are the prime factors of 10520803?
337, 31219
What are the prime factors of 1724372?
2, 13, 33161
List the prime factors of 99540.
2, 3, 5, 7, 79
List the prime factors of 1523271.
3, 507757
List the prime factors of 75755.
5, 109, 139
What are the prime factors of 137418?
2, 3, 37, 619
List the prime factors of 318299.
318299
What are the prime factors of 1538568?
2, 3, 17, 419
What are the prime factors of 2762494?
2, 7, 37, 5333
List the prime factors of 124275.
3, 5, 1657
List the prime factors of 178017.
3, 7, 173
What are the prime factors of 536627?
7, 13, 5897
List the prime factors of 3508701.
3, 7, 167081
What are the prime factors of 15664996?
2, 1451, 2699
What are the prime factors of 4477486?
2, 13, 1019
What are the prime factors of 98031?
3, 41, 797
List the prime factors of 107950.
2, 5, 17, 127
What are the prime factors of 206292?
2, 3, 17191
What are the prime factors of 60601?
60601
List the prime factors of 3260864.
2, 50951
What are the prime factors of 9100424?
2, 1137553
What are the prime factors of 548359?
7, 19, 31
List the prime factors of 1628685.
3, 5, 17, 2129
What are the prime factors of 1527782?
2, 47, 16253
What are the prime factors of 535016?
2, 66877
What are the prime factors of 755117?
11, 19, 3613
What are the prime factors of 3001846?
2, 307, 4889
What are the prime factors of 548163?
3, 7, 11, 113
What are the prime factors of 13496117?
491, 27487
List the prime factors of 3538923.
3, 1179641
What are the prime factors of 1836921?
3, 612307
What are the prime factors of 104264?
2, 13033
What are the prime factors of 8827469?
7, 23, 54829
List the prime factors of 885677.
13, 193, 353
What are the prime factors of 198042?
2, 3, 13, 2539
What are the prime factors of 10184956?
2, 2546239
List the prime factors of 8098416.
2, 3, 56239
What are the prime factors of 92779?
92779
List the prime factors of 6613915.
5, 7, 11, 41, 419
List the prime factors of 467389.
13, 157, 229
List the prime factors of 1114862.
2, 7, 79633
List the prime factors of 1161607.
223, 5209
What are the prime factors of 1095220?
2, 5, 7, 7823
List the prime factors of 32421.
3, 101, 107
What are the prime factors of 89115?
3, 5, 13, 457
List the prime factors of 153701.
153701
List the prime factors of 4846948.
2, 1211737
What are the prime factors of 9286692?
2, 3, 17, 45523
List the prime factors of 21139.
21139
List the prime factors of 961707.
3, 17, 109, 173
List the prime factors of 256323.
3, 43, 1987
List the prime factors of 407607.
3, 19, 7151
List the prime factors of 31804.
2, 7951
List the prime factors of 1932146.
2, 67, 14419
List the prime factors of 473565.
3, 5, 131, 241
What are the prime factors of 5350360?
2, 5, 181, 739
What are the prime factors of 599693?
599693
List the prime factors of 3339156.
2, 3, 463, 601
List the prime factors of 6684605.
5, 23, 37, 1571
What are the prime factors of 1639318?
2, 819659
What are the prime factors of 445558?
2, 222779
What are the prime factors of 1871175?
3, 5, 61, 409
What are the prime factors of 2732030?
2, 5, 7, 31, 1259
List the prime factors of 15026360.
2, 5, 23, 16333
List the prime factors of 11927102.
2, 11, 542141
List the prime factors of 1275511.
23, 55457
List the prime factors of 136163.
136163
What are the prime factors of 6133346?
2, 89, 34457
List the prime factors of 912946.
2, 151, 3023
What are the prime factors of 68658?
2, 3, 11443
List the prime factors of 213746.
2, 13, 8221
List the prime factors of 8925233.
8925233
What are the prime factors of 3012207?
3, 11, 37, 2467
What are the prime factors of 102249?
3, 7, 541
List the prime factors of 49143.
3, 16381
List the prime factors of 5085647.
7, 726521
List the prime factors of 1257384.
2, 3, 52391
What are the prime factors of 165821?
79, 2099
What are the prime factors of 614595?
3, 5, 40973
List the prime factors of 6931270.
2, 5, 693127
List the prime factors of 12423836.
2, 53, 58603
What are the prime factors of 19244526?
2, 3, 7, 47, 9749
What are the prime factors of 404729?
13, 163, 191
List the prime factors of 21152.
2, 661
What are the prime factors of 1377043?
1377043
List the prime factors of 13376525.
5, 535061
What are the prime factors of 15946432?
2, 193, 1291
What are the prime factors of 89737?
19, 4723
What are the prime factors of 6985069?
7, 13, 59, 1301
List the prime factors of 522387.
3, 58043
List the prime factors of 20135.
5, 4027
What are the prime factors of 227892?
2, 3, 7, 271